 be r(-5). Suppose 0 = z*o - 3 - 13. Calculate the greatest common factor of o and 56.
8
Let b = 6 + -12. Let a(i) = i**2 + 6*i + 8. Let w be a(b). Suppose 5*z - 4*c - 348 = 0, -c = 12*z - 7*z - 363. What is the greatest common factor of w and z?
8
Let c(k) = -9*k**3 - 4*k**2 - 5*k - 3. Let z be c(-2). Let p = -31 + z. Calculate the greatest common divisor of 160 and p.
32
Suppose 38 + 22 = 3*n. Suppose 0*r + 3*r = 327. Suppose -8*u = -1011 - r. What is the greatest common factor of n and u?
20
Suppose -3*r = -0*r. Suppose r*d - d = -11. Let t(s) = 5*s + 118. Let p be t(-6). Calculate the greatest common divisor of d and p.
11
Suppose 3*r - 2*c + 26 = 0, 4*r + 4*c = -0*r - 68. Let g be (-4)/r + 190/6. Let w = -21 + 25. Calculate the greatest common divisor of g and w.
4
Let h = 555 - 533. Calculate the greatest common factor of 33 and h.
11
Let u(o) = o + 8. Let l be u(5). Suppose k + 4 = 5*a - l, -k = -3*a + 9. Suppose 0 = 3*y + 1 - 4. Calculate the highest common factor of y and a.
1
Suppose 2*z + 6 = -z, -4*z + 1 = q. Suppose -8*o = -3*o - 180. Calculate the highest common divisor of q and o.
9
Let w = 823 - 385. Suppose -r = 2*r - w. Suppose r = 3*m - 2*f - 89, 0 = -2*m - 5*f + 144. What is the highest common divisor of m and 11?
11
Suppose -3 = -i + 5*t, 5*i - 26*t = -29*t + 71. What is the greatest common factor of 1534 and i?
13
Let q(k) = -k**3 - 12*k**2 + 14*k + 14. Let u be q(-13). Let g be (6/8)/u + 1302/24. What is the highest common divisor of 22 and g?
11
Let m be (-1806)/(-10) - (-30)/(-50). Let l be (0 - (-20)/3)*(9 + -6). Calculate the highest common factor of m and l.
20
Suppose 15*o = -1953 + 6438. What is the greatest common divisor of o and 26?
13
Let y be (-48)/(-26) - (-16)/104. Suppose -y*t - 2*t = -600. Let q be 2/4*(t + 4). What is the highest common divisor of 7 and q?
7
Suppose 4*s - 3*y - 120 = -0*s, 5*s - 161 = y. Let h be (s/(-3))/(0 + -1) + -2. Calculate the highest common divisor of 63 and h.
9
Suppose 16 = 6*o - 2*o. Suppose 3*u = -k + 100, 3*u = o*u - 4. Suppose -t = 3*t - k. What is the greatest common factor of 176 and t?
22
Let w(q) = -2*q**3 + 9*q**2 + 5*q. Let u be w(3). Suppose 0 = -0*n - 4*n + 1176. What is the highest common factor of n and u?
42
Let o(p) = p**2 + 14*p - 608. Let a be o(24). Calculate the greatest common divisor of 128 and a.
16
Let r be -2 + (-15)/(-8) - 2628/(-288). Calculate the greatest common divisor of r and 6.
3
Let i be 1/(2*(-4)/72). Let k be (-512)/(-36) - (-2)/i. Suppose k - 248 = -2*f - 2*n, -3*f + 366 = -2*n. What is the greatest common divisor of 24 and f?
24
Let h(v) = 2*v**3 - 2*v**2 - 3*v + 2. Let l be h(2). Let b = 83 + -84. Let s be 4 + b*(-8 + (-1 - 3)). Calculate the highest common factor of s and l.
4
Let u be 36*((-63)/14 - -5). What is the greatest common divisor of u and 306?
18
Let m(u) = u**3 - 9*u**2 - u + 13. Let z be m(9). Let x be (-1)/(-4) + z/(16/67). What is the greatest common factor of 170 and x?
17
Let o(q) = -7*q + 1. Let x be o(1). Suppose 0 = 2*v + r + 7, 0 = 2*v + v - 5*r - 9. Let i be (0 + 5/v)*x. Calculate the greatest common factor of i and 120.
15
Suppose -1500 = -5*w + 4*m, w + 16 = 2*m + 322. What is the greatest common divisor of w and 37?
37
Let t be (-4 - -1)*(-6248)/213. Calculate the highest common divisor of 121 and t.
11
Let j = 14 + -12. Suppose -53 = 5*f + j. Let r(i) = i**2 + 9*i + 6. Let p be r(f). What is the greatest common factor of p and 224?
28
Suppose -3*l - 7 = 5*p - 91, -2*p = 3*l - 93. Calculate the greatest common factor of l and 11.
11
Let n be 1368/45 - 2/5. What is the highest common factor of 165 and n?
15
Suppose 2*c = 2*a - 38, -5*a - 4*c + 36 = -2*a. What is the highest common divisor of a and 20?
4
Suppose 5*p - 3*r + 22 = 0, p + 0*p = 2*r - 10. Let c be ((-15)/6)/1*-4. Let o = c + p. Calculate the greatest common factor of o and 24.
8
Suppose -10*v - 810 = -3120. Calculate the greatest common divisor of v and 21.
21
Let m be (5*(-2 - -3))/1. Suppose 5 = 5*a, 10 = w + 2*w - m*a. Let k(x) = -3*x**2 - 19*x + 15. Let v be k(-7). Calculate the highest common factor of w and v.
1
Suppose -3*w = -w + 10, 0 = 2*x + 5*w + 13. Suppose -110 = -x*i + i. Let b be ((-95)/76)/(1/(-44)). Calculate the greatest common factor of b and i.
11
Suppose 0 = -5*y - 5*z + 695, -4*y = z + z - 566. Let j be ((-21)/(-4))/(27/y). What is the greatest common factor of 7 and j?
7
Suppose -36 = -a + 2. Suppose 5*p - 17 = a. Suppose 19 + 6 = 5*o, o = 3*g - 358. Calculate the greatest common divisor of p and g.
11
Suppose 0 = 3*a - 2*o - 531, 75 = a + 3*o - 91. What is the highest common divisor of a and 275?
25
Let z(r) = 8 - 4*r + r**2 - 7 + 2*r. Let o be z(5). Let j = o + -10. What is the greatest common factor of j and 6?
6
Let w = 285 - 231. What is the highest common factor of 486 and w?
54
Let r(p) = 509*p**2 - 16*p - 21. Let g be r(-1). What is the greatest common divisor of g and 420?
84
Let x(j) = 6*j - 26 - 2*j + 104 - 5*j. Let s be x(-12). What is the greatest common factor of 72 and s?
18
Suppose 67*c = 62*c + 4095. What is the greatest common divisor of 63 and c?
63
Let z(s) = s**3 - 6*s**2 - 13*s - 11. Let h be z(6). Let r = h + 115. Calculate the highest common divisor of 286 and r.
26
Suppose -83 = -z + 3*k, -3*z + 6*k - 9*k + 297 = 0. Suppose 3*p + h = 2*p + 15, -3*p + 4*h + 73 = 0. Calculate the greatest common factor of z and p.
19
Suppose -5 = 5*x, 3*x + 7 = j - 12. Let l(o) = -o**3 + 7*o**2 - 5*o - 5. Let y be l(6). Let u = y + 3. Calculate the highest common factor of u and j.
4
Suppose x + 4*g - 528 = 0, 7 = -2*g + 1. What is the greatest common factor of x and 45?
45
Let c(z) = -z**2 + 2*z - 3. Let i be c(2). Let o be (-6)/(i - 26/(-10)). Let p be ((-8)/3 - -3)*o. What is the highest common factor of 5 and p?
5
Suppose -9*d + 2*m + 436 = -5*d, 6 = 3*m. What is the greatest common divisor of d and 10?
10
Suppose z + 5 = -3*i, -z - 3 = -4*z - 3*i. Let p be -4*-3*z/6. Let h(n) = n**2 - 2*n + 2. Let d be h(p). What is the greatest common divisor of d and 75?
25
Suppose 5*n = 75 - 25. Suppose 4*j + 38 = 6*j. Let o be 6/24 - j/(-4). What is the greatest common factor of o and n?
5
Suppose -2*n + h = -33, 0 = -2*n - 2*h + 38 - 8. Let r be 12/((-12)/30*(-15)/8). What is the greatest common factor of n and r?
16
Suppose -2*h + 12 = h, -3*d + 8 = -h. Suppose 5*q + d*q = 360. What is the highest common factor of 20 and q?
20
Suppose -4*c - 109 = -a, 110 = 3*a + 2*c - 147. Let m = 98 - a. Calculate the highest common divisor of m and 18.
9
Suppose -16 = -4*a + 2*a. Suppose -365 = -5*w - x, 231 = -5*w + 5*x + 566. Let y = 128 - w. Calculate the highest common factor of a and y.
8
Let z be 1276/10 + (-4)/(-10). Let n = 122 - 79. Let x = n - 27. What is the greatest common divisor of z and x?
16
Suppose -l + 2*r = -2*r - 133, -4*r = 5*l - 569. Calculate the highest common divisor of l and 91.
13
Let t be 14*(0 - (1 - 2)). Let x be (-136)/(-14) + 4/t. Let f = 47 - 17. Calculate the greatest common factor of x and f.
10
Let p(w) = -61*w - 196. Let m be p(-4). What is the greatest common divisor of 112 and m?
16
Let b(j) = j**3 + 7*j**2 + 18*j + 4. Let m be b(-4). Let y = 72 + 32. Let x = y + m. Calculate the highest common divisor of 14 and x.
14
Let v = 275 - 67. What is the greatest common factor of v and 156?
52
Let u(x) = 6*x**3 - x**2 + 6*x - 15. Let s be u(2). What is the greatest common divisor of 82 and s?
41
Let g(o) = 2*o**2 + o - 150. Let v be g(-11). Calculate the greatest common factor of v and 1863.
81
Let p = 59 + -32. Let j = 23 + p. What is the highest common factor of j and 75?
25
Suppose 5*t + 8 = -4*y + 15, 8 = -2*t + 2*y. Let d be t/((-800)/268 + 3). Let n = 111 + d. Calculate the highest common divisor of 4 and n.
4
Let l(z) = 13 + 1412*z**3 - z**2 - 1411*z**3 + 0*z**2. Let i be l(0). What is the greatest common divisor of i and 39?
13
Suppose 2 = y - 3. Let b(l) = -l**2 - 18*l - 15. Let f be b(-17). Suppose -2*w - y*u = 18, -f*u - 14 = -2*w + u. What is the greatest common factor of 1 and w?
1
Suppose 4*l = -5*c + 8*l + 3960, 2376 = 3*c - 3*l. Calculate the highest common factor of 216 and c.
72
Suppose -4*f = 12, 3*l + 4*f - 5 - 46 = 0. Calculate the greatest common divisor of l and 2.
1
Suppose 4*o + u = 